0)) + -58 + -606 + 600.
-65
What is -9 - (-13 - -41) - -69?
32
3 - (55 - -1) - (-42 + 35 + -5)
-41
What is 133 + (-43 - -26) + -41?
75
(103 - (-3 + -1 - -2)) + -299 + 419 + -120
105
Evaluate -47 - (51 - 92) - -103.
97
What is the value of 5666 + -5747 - (-31 + 0)?
-50
Calculate 124 + (28 - 124) - (-1 - 21).
50
What is 4 - ((14 - 8) + 2 + -2 + -6 - 50)?
54
Calculate (-22182 - -22184) + (-12 - (0 - 2 - (-1 + 1))).
-8
147 + -33 + (31 - -5 - 29)
121
Calculate -9 + 1 + 0 + 28 + -25 - -15 - -13.
23
What is the value of (58 - (-10 - (9 + -38) - 8)) + -2 + -4?
41
Evaluate -16 - (-78 - (67 - 133)).
-4
What is -41 + -9 + 0 + 22 + (-3 - 22) + 10?
-43
Evaluate 30 + -45 + 70 + -4 + -12.
39
Calculate (-1 - 1) + (-721 - -690) - 20.
-53
What is 57 - (-4 - (-1 - ((-11 - -10) + 17)))?
44
Evaluate (-73 - (40 - 10)) + (3 - -33).
-67
-3 - ((-15 - 0) + -629 + 649 - (71 + 1))
64
Calculate 79 - ((31 - 3) + 15).
36
44 - (-13 - (-5 + -1 + -8) - -16)
27
Evaluate 12 - (1 + -2) - (7 + 10).
-4
What is 0 + 1 + -14 + (56 - 52) - -5?
-4
Evaluate (-2 - -1) + -1 + (-69 - -10) + -5 + 16.
-50
What is (43 - (0 - (20 - 57))) + (-1 - 36)?
-31
4 - (9 - (38 - (6 + 0)))
27
Evaluate (2 - 7) + (2 - -16) - -39.
52
-16 - 19 - ((7 - 12) + (1 - 7))
-24
Evaluate 152 + (32 - 32 - 70).
82
What is -9 + -22 - (-36 - (-8 + -7)) - (-1 - 48)?
39
(28 - (-11 + 11 - -7)) + -120 + (-5 - 1)
-105
What is 33 - -8 - (17 - -39)?
-15
Calculate -1 - (10 + (14 - 18) + 19 + 6 + -14).
-18
What is -3 - -14 - ((40 - 19) + -16) - -9?
15
What is (-50 - -19) + -31 + 54?
-8
What is the value of (38 - -11) + -12 - (3 - -10 - 0)?
24
-3 + -51 + (2 - (2 - 16))
-38
Evaluate (-1 - -18 - -33) + -10.
40
What is the value of 29 + 7 + 4 + 3 + (-4 - -1)?
40
What is the value of 15868 + -15840 + 67 + -1?
94
Evaluate 36 + (12 + 9 - 24) - 14.
19
What is the value of (-18 - (1 - 9 - 7)) + 33 + -1 + 10?
39
Calculate 0 + 147 - (-8047 + 8084).
110
-8 - (-98 + -98 - -90)
98
Calculate (30 - (59 + -34)) + 0 + 1 + -96 + 3.
-87
What is 3 - -158 - (4405 + -4308)?
64
What is -10 - (0 - 1) - (76 - 126 - -28)?
13
Calculate -175 - -17 - (45 - (30 - -30)).
-143
Evaluate -10 + -9 - (-33 + 18 - -11) - 46.
-61
Calculate (-435 - -183) + 220 + (53 - 1).
20
What is the value of 24 + (-38 - 25) + 3 + -5 + 7?
-34
Evaluate 15 - 5 - ((-12 - (4 - 11)) + 5).
10
What is 12 + (39 + (-22 - 27) - (4 + -81))?
79
What is the value of -45 + (4 - 2) - (-9 - -3 - 2) - -7?
-28
(9 - (1 + (-5 - 17))) + (1 - 12)
19
What is the value of (-1 - 12) + (63 - 19) + 53?
84
Calculate 91 - (99 - (49 - -11)).
52
What is the value of (10 - ((-64 - 13) + 7)) + -1 + 1 + 1?
81
-7 - (-59 - (22 - (21 - 2)))
55
Calculate 5 + (37 - 96) + -10.
-64
What is the value of (33 - 75 - -42 - 22) + -10?
-32
Calculate 1 + (-13 - (-38 - (3 - 17))) - -26.
38
Evaluate (-226 + 24 - -72) + 42.
-88
Evaluate (6 + 36 - -4) + (2685 - 2658).
73
What is (-234 - -46 - -207) + -65 + -1?
-47
What is the value of -10 + 7 + -17 - (136 + -96)?
-60
Calculate 43 - (18 + -14 + 3) - (4 + -12).
44
What is (0 - (1 + (18 - -23))) + 66?
24
What is the value of (51 - 4) + 761 + -741?
67
-24 + (22 - -1) + (41 - 26 - 148)
-134
Evaluate (3 - -3) + -143 + 93 + (-27 - -6).
-65
Evaluate 1 - -45 - 19 - -39.
66
What is 41 + 44 + -73 + -32?
-20
6 + 18 + -18 - 8 - 7
-9
51 + -7 + (-110 - -51)
-15
What is 8 + (12 - (-18 + 31)) + -18 + 0?
-11
What is 61 + -122 - (-22 - -17 - (1 + 6))?
-49
(386 - 261) + (-1 - -16) + (0 - 0 - -15)
155
-1 - (-22 + (-2 - 0)) - (377 - 358)
4
(1 - 6) + (30 - (19 + (4 - -2)))
0
What is the value of (8 - 13) + -70 - (-22 + 32 + -14)?
-71
What is the value of -96 + 91 + (-16 - (3 - 8))?
-16
396 + -384 - (0 - (7 - 4) - -3)
12
7 + (-9 - 46) + 13 + -14
-49
Calculate (-4 + (0 - 13 - 43) - -12) + 0 + 8.
-40
Evaluate 0 + 18 + -1 + -6 - (-5 + -42).
58
What is (23 - 9) + 44 - 54?
4
What is the value of -175 - -175 - (-47 + 2)?
45
2 + 19 + -6 - 30 - -56
41
Calculate 1 + 10 + -2 + -1 + (29 - -1).
38
Evaluate -17 + (-3 - -21) + -4 + 34.
31
Evaluate -10 - -87 - (521 + -516).
72
Calculate 2 - (9 + 44 + (35 - 20)).
-66
Calculate -26 + (124 - 54) + 45.
89
Calculate 1 - -2 - (-5 + 0 + (13 - 29)).
24
-107 + (37 - -139) + -65
4
Calculate 25 + (-1 - ((18 - (-7 - (-9 + -4))) + -10)).
22
Evaluate (-1 - -5) + 22 - (5555 - 5518).
-11
144 - (2 - 38) - 59
121
Calculate 3398 - 3400 - (-4 + (0 - 2)).
4
(9 - (12 + 15 + -27)) + -111
-102
Evaluate 25 + -10 + -49 + 11 - -9.
-14
Calculate -26 - (-2 + -11) - (2 + 1 - 64).
48
Calculate (0 - (4 + -39)) + 8 - (6 - (4 + -4)).
37
What is (-1 - -8) + (-2 - -21 - (-36 - (-28 - -30)))?
64
Calculate 87 + -82 + 89 + 0 + 3 + -25.
72
What is -1 + -5 + 0 + -38 + 43 + 8 + -6?
1
What is the value of (69 - 72 - (-5 - 12 - -6)) + -5 + 100?
103
Calculate -20 - ((8 - 3 - 48) + -10).
33
What is 1 - 46 - (-2144 - -2100)?
-1
Evaluate -75 + 60 + -7 + (-1 - 11).
-34
What is (-3 - -1 - (15 + 17 + -27)) + -6?
-13
What is the value of -102 + 6 + -9 + (13 - 5) + -4?
-101
Calculate -117 - (34 + -146 - -21).
-26
Calculate 3107 + -3098 - ((-2 - -48) + 2).
-39
Evaluate (-7 - (-66 + 28)) + -47 - (-7 - -55).
-64
Calculate (44 - 2) + -24 + 120 + -85.
53
Evaluate 0 + 11 + 1 - (22 + (-117 - (24 + -73))).
58
Calculate (-13 - -30) + (463 - 429 - (-1 - -9)).
43
Calculate -72 + (-29 - -43 - (10 + 2) - -13).
-57
(-25 - (3 - (-11 - (4 + -15)))) + 12
-16
What is the value of 27 + (82 - 53) + -84?
-28
Evaluate -1 + 29 - (1744 + -1708).
-8
Calculate (-3 - -22 - 12) + -15.
-8
What is the value of 29 + (-16 - (30 - 32)) - (-2 - -35)?
-18
Calculate (-64 - -67) + (72 - 22).
53
Calculate 0 + -70 + 75 - (0 - (60 - 1)).
64
What is the value of (78 - (132 - 7)) + -16?
-63
5 + (-11 - 0) + 19 - -23
36
(8 - (15 + (-62 - -19))) + -21
15
Evaluate -83 - (-6 + 12 + -34) - 22.
-77
What is the value of -3 - (-1 - -3) - (149 + -146 - (46 - 0))?
38
(0 + -11 + -2 - -35) + -16 + 59 + -4
61
Evaluate ((11 - 23) + 21 - (-4 + 7) - 9) + -116.
-119
Calculate -11 + (-43 - -10) - (28 - 15).
-57
2 + (-19 - (-1 - 4)) - (-86 - -29)
45
Evaluate (14 - 26) + 4 + (-12 + 5 - (-7 - -2)).
-10
Calculate -13 - -27 - (81 + 8) - (2 - (11 + 3)).
-63
9 - (46 - 9) - (3 - (13 - 21) - -1)
-40
-43 + 18 + 17 - (-3 - (-4 - -55))
46
What is the value of 11 - ((8 - 5) + (-66 - -70))?
4
What is (29 - (47 - 38)) + 0 + 2 + -21?
1
Calculate (0 - -12) + (47 - 76) - -25.
8
-11 + (51 + -40 - (-9 - (-5 + -2)))
2
Evaluate (-57 - (-53 + 107)) + 62.
-49
What is the value of 15 + -22 - (18 - 29 - (3 - 3))?
4
(5 + -76 - (8 - 7)) + -20
-92
What is (-318 + -155 - -483) + -2 + (0 - -23)?
31
What is the value of -20 + 5 + -8 + -5 - (1 + 1 + -2)?
-28
Evaluate (24 - -2) + (26 - (19 + 9) - 2).
22
What is 27 - -46 - 51 - 52?
-30
What is the value of -245 + 534 + -243 - (2 - -151)?
-107
What is the value of -45 + 34 + 43 - 36?
-4
What is (49 + -37 - (3 + 6 + 5 + -8)) + -9?
-3
Evaluate 0 + -4 + 4 + 2 + -335 + 313.
-20
Evaluate 58 - (-23 - (-11 - (-7 - -20))).
57
Evaluate -8 + -8 + (-60 - -81) - 33.
-28
-3 + 5 + (0 + -39 - (83 + -88)) - 9
-41
Calculate -19 + -15 - (-8 + 20 - 25).
-21
What is 48 + 8 - (1 - -23 - (35 - 32))?
35
Evaluate -80 + (47 - 4) + -6.
-43
What is 8 + (927 - 966 - (2 + -102))?
69
3 + 0 + 1240 + -1273
-30
Evaluate -46 - (-95 + 186 + -82).
-55
What is 115 + (65 - (18 - -119))?
43
What is (20 + 17 - 5) + (-96 - -4)?
-60
-13 + 8 + (-15 + 22 - 28) + -42
-68
What is the value of 3 + -3 + -3 + -58 - (-46 + -77 + 115)?
-53
Calculate (-98 - -1) + 9148 + -9095.
-44
Evaluate (9 - -1 - -5) + -19 + 0 + 9.
5
What is the value of -3 - (142 - -28 - 47)?
-126
What is 9 + (3 - (-2 + 0)) + 590 + -606?
-2
Calculate (-4 - 4) + (0 + 6 - 45) - 7 - 10.
-64
What is 35 - (-18 + 15) - (-33 - 4)?
75
What is (0 + (3 - 21) - -16) + 40?
38
Calculate 33 + (56 - 45) - 40.
4
Calculate (30 - 95 - -26) + 13.
-26
What is the value of (0 - -38) + (-2884 - -2878)?
32
(22 - -29 - 70) + 22
3
Calculate -6 - (21 - 14) - (57 + (-6 - -18 - 5)).
-77
What is 12 - ((-19 - -35) + -35)?
31
Calculate (-46 - -35) + 15 - -32.
36
(6 + -5 - (0 + -28)) + (55 - 56 - 8)
20
Calculate 17 - (-95 - ((-11 - -24) + -23)).
102
5 - 1 - (-7 + -10 + 16) - (93 + -6)
-82
Evaluate -217 + 207 - (-25 + -2 + 6 + 6).
5
What is the value of -13 - (-12 + 12 + 13 + 7 + -7 + -78)?
52
Evaluate 11 - (-9 - (0 + -11 - ((-112 - -6) + 51))).
64
What is the value of 4 + 85 + 